{"id":409,"date":"2021-11-15T23:26:00","date_gmt":"2021-11-16T02:26:00","guid":{"rendered":"http:\/\/proton-classic.dev\/?post_type=portfolio&#038;p=409"},"modified":"2025-08-01T14:22:55","modified_gmt":"2025-08-01T17:22:55","slug":"sillas","status":"publish","type":"portfolio","link":"https:\/\/silvinababich.com\/?portfolio=sillas","title":{"rendered":"La silla"},"content":{"rendered":"\n<figure class=\"wp-block-embed is-type-video is-provider-youtube wp-block-embed-youtube wp-embed-aspect-16-9 wp-has-aspect-ratio\"><div class=\"wp-block-embed__wrapper\">\n<iframe loading=\"lazy\" title=\"LA SILLA\" width=\"1170\" height=\"658\" src=\"https:\/\/www.youtube.com\/embed\/2KntoteK5Qk?feature=oembed\" frameborder=\"0\" allow=\"accelerometer; autoplay; clipboard-write; encrypted-media; gyroscope; picture-in-picture; web-share\" referrerpolicy=\"strict-origin-when-cross-origin\" allowfullscreen><\/iframe>\n<\/div><\/figure>\n\n\n<p><strong>LA SILLA<\/strong>, releva el paisaje postindustrial a partir de la recolecci\u00f3n de sillas en desuso tiradas en la calle en estado residual. La idea es regenerar nuevamente su circulaci\u00f3n tras un planteo de rehabilitaci\u00f3n que utilice t\u00e9cnicas tradicionales de tejido en junco. De esta manera <strong>SILLAS<\/strong> abre un di\u00e1logo entre lo industrial y lo artesanal. Entre la orilla de la calle y la orilla del R\u00edo.<br \/>En la trayectoria de este objeto cohabitar\u00e1n los modos industriales t\u00edpicos del consumo urbano y los modos artesanales caracter\u00edsticos de las \u00e1reas ribere\u00f1as. <br \/>Esta obra sustentada en el trabajo de a\u00f1os con productores y artesanos de la cuenca baja del R\u00edo de La Plata parte de la idea de replantar saberes tradicionales de la costa en \u00e1reas fuertemente antropizadas. Replicando la transmisi\u00f3n de saberes. Es por ello que la obra contempla el montaje de un taller abierto para transmitir la t\u00e9cnica y resaltar las conversaciones en torno al tejido a partir de su registro y edici\u00f3n como documento de las voces de la comunidad donde se lleva a cabo el proyecto.Esta obra se ocupa tanto de la investigaci\u00f3n, creaci\u00f3n y producci\u00f3n cultural y medioambiental como de la actuaci\u00f3n en los procesos productivos y, finalmente, de las posibilidades creativas que suscitan estas coyunturas contempor\u00e1neas. Pretende aportar nuevas visiones que act\u00faen como generadores de pensamiento y actitudes. No se trata s\u00f3lo de plantear interrogantes sobre nuestra forma de explotar los recursos, sino tambi\u00e9n sobre nuestra forma de pensar, de trabajar, de percibir la realidad y transformarla.El origen<span style=\"font-size: inherit\">La obra nace a partir de un hist\u00f3rico comercial de los a\u00f1os 70, \u201cLa silla\u201d, que se basaba en la idea de que los argentinos no sabemos hacer sillas, de modo que no nos queda m\u00e1s remedio que importarlas. <\/span><\/p>\n<p><span style=\"font-size: inherit\">&#8220;<\/span>Esta provocaci\u00f3n inspira a \u00e9sta obra de car\u00e1cter procesual y vincular que se plantea como un acto de resistencia a partir de un gesto de producci\u00f3n cultural.&#8221; (Nelson Malach)<\/p>\n<p><strong>Propaganda la silla<\/strong><br \/><a href=\"https:\/\/youtu.be\/Ys9GlRowehI\">https:\/\/youtu.be\/Ys9GlRowehI<\/a><\/p>\n<h4>La din\u00e1mica<\/h4>\n<p>Esta acci\u00f3n se lleva a cabo a partir del montaje de un taller itinerante y p\u00fablico, en \u00e1reas fuertemente antropizadas, donde se exhiben y se rehabilitan las sillas recolectadas con la idea de replantear saberes tradicionales de la costa a partir de invitar a aprender la t\u00e9cnica el proceso del tejido con junco. Este proceso compartido resulta generador de dialogo en la comunidad donde se lleva adelante la acci\u00f3n . Estos encuentros de taller son registrados en video, generando de esta manera un documento de opini\u00f3n p\u00fablica a partir de las reflexiones que surjan en las conversaciones. La edici\u00f3n del material funciona como a la vez, como un material educativo donde queda registrado el proceso t\u00e9cnico del enjuncado.<br \/>Concentrada en la zona del Riachuelo -punto focal de la problem\u00e1tica de las zonas costeras- El montaje del taller se llevo a cabo hasta el momento en La Boca frente al Riachuelo, en BASE RIACHUELO 2019 y en EL OBRADOR de MUNAR 2020.<\/p>\n<p><strong>La silla video<\/strong><br \/><a href=\"https:\/\/youtu.be\/t5IxY1HU1XI?si=INoegbBM8LPqxGXB\">https:\/\/youtu.be\/uO8TCPamRm4<\/a><\/p>\n<h4>El objeto<\/h4>\n<p>La obra pretende reconstruir y descontextualizar un objeto proveniente de la sociedad de consumo a partir de un marco est\u00e9tico que genere una nueva mirada sobre el mismo. El material costero \u201cjunco\u201d sirve al material industrial \u201csilla\u201d para rehabilitarlo. En la trayectoria de este objeto cohabitar\u00e1n los modos industriales t\u00edpicos del consumo urbano y los modos artesanales caracter\u00edsticos de las \u00e1reas ribere\u00f1as.<br \/>El objeto resultante retorna a su circulaci\u00f3n en el soporte comercial de Mercado libre, ( La silla de junco Silvina Babich ).<\/p>\n<h4>El junco<\/h4>\n<p>Representa al paisaje costero caracter\u00edstico \u00e1reas ribere\u00f1as. Su presencia es fundamental para los ecosistemas costeros (Coloniza r\u00e1pidamente el suelo a trav\u00e9s de sus rizomas subterr\u00e1neos. Su emergencia provoca la creaci\u00f3n de nuevos territorios por sedimentaci\u00f3n, favoreciendo el ingreso de otras especies, protege a las costas de la erosi\u00f3n y el agua despu\u00e9s de su paso por estas zonas muestra importantes reducciones de contaminantes de todo tipo). Su recolecci\u00f3n, realizada en tiempo y forma, permite su uso en diversas formas artesanales, sin degradar el medio ambiente.<\/p>\n<h4>El tiempo<\/h4>\n<div>\n<p>El tiempo estar\u00e1 articulado en el objeto de manera m\u00faltiple. Por un lado, el junco encarna la temporalidad natural. Asimismo, la silla bajo los efectos del uso humano, la acci\u00f3n clim\u00e1tica y el deterioro y su recirculaci\u00f3n comercial. Por \u00faltimo, el recorrido expresado en la geo-referencia a trav\u00e9s de un mapa que sit\u00fae a cada silla en el lugar en donde ha sido recogida.<\/p>\n<p><strong>El territorio\u00a0<\/strong><\/p>\n<p>A partir de la georeferencia en un mapa donde se encontraron cada una de las sillas la pretensi\u00f3n es redimensionar el territorio con la intenci\u00f3n de visualizar a las cuencas h\u00eddricas como espacios de sobrevivencia \/ regeneraci\u00f3n y no como nodos perdidos por la imposibilidad y el estancamiento.<\/p>\n<p><!-- \/wp:paragraph --> <!-- wp:paragraph --><\/p>\n<p>La ruta de la silla<br \/><strong><a href=\"https:\/\/youtu.be\/zVNt0i0lCMU\">https:\/\/youtu.be\/zVNt0i0lCMU<\/a><\/strong><\/p>\n<p><!-- \/wp:paragraph --><\/p>\n<\/div>\n<p><!-- wp:heading --><\/p>\n<h2>Antecedentes\/Ala Pl\u00e1stica<\/h2>\n<p><!-- \/wp:heading --><\/p>\n<p><!-- wp:paragraph --><\/p>\n<p>( Especies emergentes\/junco\/Ala Pl\u00e1stica <a href=\"https:\/\/issuu.com\/alaplastica\/docs\/1995_-_iniciativa_bioregional_l_jun\">https:\/\/issuu.com\/alaplastica\/docs\/1995_-_iniciativa_bioregional_l_jun<\/a> )<\/p>\n<p><!-- \/wp:paragraph --><\/p>\n<p><!-- wp:columns --><\/p>\n<div class=\"wp-block-columns\"><!-- wp:column -->\n<p>\u00a0<\/p>\n<div class=\"wp-block-column\"><!-- wp:image {\"id\":1352,\"sizeSlug\":\"large\",\"linkDestination\":\"none\"} -->\n<p>\u00a0<\/p>\n<figure class=\"wp-block-image size-large\"><img loading=\"lazy\" width=\"1024\" height=\"512\" class=\"wp-image-1352\" src=\"https:\/\/silvinababich.com\/wp-content\/uploads\/2021\/11\/JUNCO-1024x512.jpg\" alt=\"\" srcset=\"https:\/\/silvinababich.com\/wp-content\/uploads\/2021\/11\/JUNCO-1024x512.jpg 1024w, https:\/\/silvinababich.com\/wp-content\/uploads\/2021\/11\/JUNCO-300x150.jpg 300w, https:\/\/silvinababich.com\/wp-content\/uploads\/2021\/11\/JUNCO-768x384.jpg 768w, https:\/\/silvinababich.com\/wp-content\/uploads\/2021\/11\/JUNCO-1536x768.jpg 1536w, https:\/\/silvinababich.com\/wp-content\/uploads\/2021\/11\/JUNCO.jpg 1800w\" sizes=\"(max-width: 1024px) 100vw, 1024px\" \/><\/figure>\n<p><!-- \/wp:image --><\/p>\n<\/div>\n<p><!-- \/wp:column --><\/p>\n<p><!-- wp:column --><\/p>\n<div class=\"wp-block-column\"><!-- wp:image {\"id\":1353,\"sizeSlug\":\"large\",\"linkDestination\":\"none\"} -->\n<p>\u00a0<\/p>\n<figure class=\"wp-block-image size-large\"><img loading=\"lazy\" width=\"1024\" height=\"512\" class=\"wp-image-1353\" src=\"https:\/\/silvinababich.com\/wp-content\/uploads\/2021\/11\/EXERCISES-OF-DISPLACEMENT-1024x512.jpg\" alt=\"\" srcset=\"https:\/\/silvinababich.com\/wp-content\/uploads\/2021\/11\/EXERCISES-OF-DISPLACEMENT-1024x512.jpg 1024w, https:\/\/silvinababich.com\/wp-content\/uploads\/2021\/11\/EXERCISES-OF-DISPLACEMENT-300x150.jpg 300w, https:\/\/silvinababich.com\/wp-content\/uploads\/2021\/11\/EXERCISES-OF-DISPLACEMENT-768x384.jpg 768w, https:\/\/silvinababich.com\/wp-content\/uploads\/2021\/11\/EXERCISES-OF-DISPLACEMENT-1536x768.jpg 1536w, https:\/\/silvinababich.com\/wp-content\/uploads\/2021\/11\/EXERCISES-OF-DISPLACEMENT.jpg 1800w\" sizes=\"(max-width: 1024px) 100vw, 1024px\" \/><\/figure>\n<p><!-- \/wp:image --><\/p>\n<\/div>\n<p><!-- \/wp:column --><\/p>\n<\/div>\n<p><!-- \/wp:columns --><\/p>\n<p><!-- wp:paragraph --><\/p>\n<p>2005 -Ala Pl\u00e1stica- Exhibici\u00f3n Groundworks: Environmental Collaboration in Contemporary Art. Curador Grant Kester. Galer\u00eda Regina Gouger Miller, Pittsburg. Pensilvana. Mas Informaci\u00f3n: http:\/\/groundworks.collinsandgoto.com<\/p>\n<div class=\"wp-block-columns\">\n<p><!-- \/wp:column --><\/p>\n<\/div>\n<p><!-- \/wp:columns --><\/p>","protected":false},"excerpt":{"rendered":"<p>LA SILLA, releva el paisaje postindustrial a partir de la recolecci\u00f3n de sillas en desuso tiradas en la calle en estado residual. La idea es regenerar nuevamente su circulaci\u00f3n tras un planteo de rehabilitaci\u00f3n que utilice t\u00e9cnicas tradicionales de tejido en junco. De esta manera SILLAS abre un di\u00e1logo entre lo industrial y lo artesanal. [&hellip;]<\/p>\n","protected":false},"author":2,"featured_media":821,"comment_status":"closed","ping_status":"closed","template":"","meta":[],"portfolio_category":[25],"acf":[],"_links":{"self":[{"href":"https:\/\/silvinababich.com\/index.php?rest_route=\/wp\/v2\/portfolio\/409"}],"collection":[{"href":"https:\/\/silvinababich.com\/index.php?rest_route=\/wp\/v2\/portfolio"}],"about":[{"href":"https:\/\/silvinababich.com\/index.php?rest_route=\/wp\/v2\/types\/portfolio"}],"author":[{"embeddable":true,"href":"https:\/\/silvinababich.com\/index.php?rest_route=\/wp\/v2\/users\/2"}],"replies":[{"embeddable":true,"href":"https:\/\/silvinababich.com\/index.php?rest_route=%2Fwp%2Fv2%2Fcomments&post=409"}],"version-history":[{"count":64,"href":"https:\/\/silvinababich.com\/index.php?rest_route=\/wp\/v2\/portfolio\/409\/revisions"}],"predecessor-version":[{"id":1505,"href":"https:\/\/silvinababich.com\/index.php?rest_route=\/wp\/v2\/portfolio\/409\/revisions\/1505"}],"wp:featuredmedia":[{"embeddable":true,"href":"https:\/\/silvinababich.com\/index.php?rest_route=\/wp\/v2\/media\/821"}],"wp:attachment":[{"href":"https:\/\/silvinababich.com\/index.php?rest_route=%2Fwp%2Fv2%2Fmedia&parent=409"}],"wp:term":[{"taxonomy":"portfolio_category","embeddable":true,"href":"https:\/\/silvinababich.com\/index.php?rest_route=%2Fwp%2Fv2%2Fportfolio_category&post=409"}],"curies":[{"name":"wp","href":"https:\/\/api.w.org\/{rel}","templated":true}]}}

<figure class="wp-block-embed is-type-video is-provider-youtube wp-block-embed-youtube wp-embed-aspect-16-9 wp-has-aspect-ratio"><div class="wp-block-embed__wrapper">
<iframe loading="lazy" title="LA SILLA" width="1170" height="658" src="https://www.youtube.com/embed/2KntoteK5Qk?feature=oembed" frameborder="0" allow="accelerometer; autoplay; clipboard-write; encrypted-media; gyroscope; picture-in-picture; web-share" referrerpolicy="strict-origin-when-cross-origin" allowfullscreen></iframe>
</div></figure>


<p><strong>LA SILLA</strong>, releva el paisaje postindustrial a partir de la recolección de sillas en desuso tiradas en la calle en estado residual. La idea es regenerar nuevamente su circulación tras un planteo de rehabilitación que utilice técnicas tradicionales de tejido en junco. De esta manera <strong>SILLAS</strong> abre un diálogo entre lo industrial y lo artesanal. Entre la orilla de la calle y la orilla del Río.<br />En la trayectoria de este objeto cohabitarán los modos industriales típicos del consumo urbano y los modos artesanales característicos de las áreas ribereñas. <br />Esta obra sustentada en el trabajo de años con productores y artesanos de la cuenca baja del Río de La Plata parte de la idea de replantar saberes tradicionales de la costa en áreas fuertemente antropizadas. Replicando la transmisión de saberes. Es por ello que la obra contempla el montaje de un taller abierto para transmitir la técnica y resaltar las conversaciones en torno al tejido a partir de su registro y edición como documento de las voces de la comunidad donde se lleva a cabo el proyecto.Esta obra se ocupa tanto de la investigación, creación y producción cultural y medioambiental como de la actuación en los procesos productivos y, finalmente, de las posibilidades creativas que suscitan estas coyunturas contemporáneas. Pretende aportar nuevas visiones que actúen como generadores de pensamiento y actitudes. No se trata sólo de plantear interrogantes sobre nuestra forma de explotar los recursos, sino también sobre nuestra forma de pensar, de trabajar, de percibir la realidad y transformarla.El origen<span style="font-size: inherit">La obra nace a partir de un histórico comercial de los años 70, “La silla”, que se basaba en la idea de que los argentinos no sabemos hacer sillas, de modo que no nos queda más remedio que importarlas. </span></p>
<p><span style="font-size: inherit">&#8220;</span>Esta provocación inspira a ésta obra de carácter procesual y vincular que se plantea como un acto de resistencia a partir de un gesto de producción cultural.&#8221; (Nelson Malach)</p>
<p><strong>Propaganda la silla</strong><br /><a href="https://youtu.be/Ys9GlRowehI">https://youtu.be/Ys9GlRowehI</a></p>
<h4>La dinámica</h4>
<p>Esta acción se lleva a cabo a partir del montaje de un taller itinerante y público, en áreas fuertemente antropizadas, donde se exhiben y se rehabilitan las sillas recolectadas con la idea de replantear saberes tradicionales de la costa a partir de invitar a aprender la técnica el proceso del tejido con junco. Este proceso compartido resulta generador de dialogo en la comunidad donde se lleva adelante la acción . Estos encuentros de taller son registrados en video, generando de esta manera un documento de opinión pública a partir de las reflexiones que surjan en las conversaciones. La edición del material funciona como a la vez, como un material educativo donde queda registrado el proceso técnico del enjuncado.<br />Concentrada en la zona del Riachuelo -punto focal de la problemática de las zonas costeras- El montaje del taller se llevo a cabo hasta el momento en La Boca frente al Riachuelo, en BASE RIACHUELO 2019 y en EL OBRADOR de MUNAR 2020.</p>
<p><strong>La silla video</strong><br /><a href="https://youtu.be/t5IxY1HU1XI?si=INoegbBM8LPqxGXB">https://youtu.be/uO8TCPamRm4</a></p>
<h4>El objeto</h4>
<p>La obra pretende reconstruir y descontextualizar un objeto proveniente de la sociedad de consumo a partir de un marco estético que genere una nueva mirada sobre el mismo. El material costero “junco” sirve al material industrial “silla” para rehabilitarlo. En la trayectoria de este objeto cohabitarán los modos industriales típicos del consumo urbano y los modos artesanales característicos de las áreas ribereñas.<br />El objeto resultante retorna a su circulación en el soporte comercial de Mercado libre, ( La silla de junco Silvina Babich ).</p>
<h4>El junco</h4>
<p>Representa al paisaje costero característico áreas ribereñas. Su presencia es fundamental para los ecosistemas costeros (Coloniza rápidamente el suelo a través de sus rizomas subterráneos. Su emergencia provoca la creación de nuevos territorios por sedimentación, favoreciendo el ingreso de otras especies, protege a las costas de la erosión y el agua después de su paso por estas zonas muestra importantes reducciones de contaminantes de todo tipo). Su recolección, realizada en tiempo y forma, permite su uso en diversas formas artesanales, sin degradar el medio ambiente.</p>
<h4>El tiempo</h4>
<div>
<p>El tiempo estará articulado en el objeto de manera múltiple. Por un lado, el junco encarna la temporalidad natural. Asimismo, la silla bajo los efectos del uso humano, la acción climática y el deterioro y su recirculación comercial. Por último, el recorrido expresado en la geo-referencia a través de un mapa que sitúe a cada silla en el lugar en donde ha sido recogida.</p>
<p><strong>El territorio </strong></p>
<p>A partir de la georeferencia en un mapa donde se encontraron cada una de las sillas la pretensión es redimensionar el territorio con la intención de visualizar a las cuencas hídricas como espacios de sobrevivencia / regeneración y no como nodos perdidos por la imposibilidad y el estancamiento.</p>
<p><!-- /wp:paragraph --> <!-- wp:paragraph --></p>
<p>La ruta de la silla<br /><strong><a href="https://youtu.be/zVNt0i0lCMU">https://youtu.be/zVNt0i0lCMU</a></strong></p>
<p><!-- /wp:paragraph --></p>
</div>
<p><!-- wp:heading --></p>
<h2>Antecedentes/Ala Plástica</h2>
<p><!-- /wp:heading --></p>
<p><!-- wp:paragraph --></p>
<p>( Especies emergentes/junco/Ala Plástica <a href="https://issuu.com/alaplastica/docs/1995_-_iniciativa_bioregional_l_jun">https://issuu.com/alaplastica/docs/1995_-_iniciativa_bioregional_l_jun</a> )</p>
<p><!-- /wp:paragraph --></p>
<p><!-- wp:columns --></p>
<div class="wp-block-columns"><!-- wp:column -->
<p> </p>
<div class="wp-block-column"><!-- wp:image {"id":1352,"sizeSlug":"large","linkDestination":"none"} -->
<p> </p>
<figure class="wp-block-image size-large"><img loading="lazy" width="1024" height="512" class="wp-image-1352" src="https://silvinababich.com/wp-content/uploads/2021/11/JUNCO-1024x512.jpg" alt="" srcset="https://silvinababich.com/wp-content/uploads/2021/11/JUNCO-1024x512.jpg 1024w, https://silvinababich.com/wp-content/uploads/2021/11/JUNCO-300x150.jpg 300w, https://silvinababich.com/wp-content/uploads/2021/11/JUNCO-768x384.jpg 768w, https://silvinababich.com/wp-content/uploads/2021/11/JUNCO-1536x768.jpg 1536w, https://silvinababich.com/wp-content/uploads/2021/11/JUNCO.jpg 1800w" sizes="(max-width: 1024px) 100vw, 1024px" /></figure>
<p><!-- /wp:image --></p>
</div>
<p><!-- /wp:column --></p>
<p><!-- wp:column --></p>
<div class="wp-block-column"><!-- wp:image {"id":1353,"sizeSlug":"large","linkDestination":"none"} -->
<p> </p>
<figure class="wp-block-image size-large"><img loading="lazy" width="1024" height="512" class="wp-image-1353" src="https://silvinababich.com/wp-content/uploads/2021/11/EXERCISES-OF-DISPLACEMENT-1024x512.jpg" alt="" srcset="https://silvinababich.com/wp-content/uploads/2021/11/EXERCISES-OF-DISPLACEMENT-1024x512.jpg 1024w, https://silvinababich.com/wp-content/uploads/2021/11/EXERCISES-OF-DISPLACEMENT-300x150.jpg 300w, https://silvinababich.com/wp-content/uploads/2021/11/EXERCISES-OF-DISPLACEMENT-768x384.jpg 768w, https://silvinababich.com/wp-content/uploads/2021/11/EXERCISES-OF-DISPLACEMENT-1536x768.jpg 1536w, https://silvinababich.com/wp-content/uploads/2021/11/EXERCISES-OF-DISPLACEMENT.jpg 1800w" sizes="(max-width: 1024px) 100vw, 1024px" /></figure>
<p><!-- /wp:image --></p>
</div>
<p><!-- /wp:column --></p>
</div>
<p><!-- /wp:columns --></p>
<p><!-- wp:paragraph --></p>
<p>2005 -Ala Plástica- Exhibición Groundworks: Environmental Collaboration in Contemporary Art. Curador Grant Kester. Galería Regina Gouger Miller, Pittsburg. Pensilvana. Mas Información: http://groundworks.collinsandgoto.com</p>
<div class="wp-block-columns">
<p><!-- /wp:column --></p>
</div>
<p><!-- /wp:columns --></p>

<p>LA SILLA, releva el paisaje postindustrial a partir de la recolección de sillas en desuso tiradas en la calle en estado residual. La idea es regenerar nuevamente su circulación tras un planteo de rehabilitación que utilice técnicas tradicionales de tejido en junco. De esta manera SILLAS abre un diálogo entre lo industrial y lo artesanal. [&hellip;]</p>
