{"id":34,"date":"2017-11-14T10:15:29","date_gmt":"2017-11-14T10:15:29","guid":{"rendered":"http:\/\/proton-classic.dev\/?page_id=34"},"modified":"2021-02-11T18:54:38","modified_gmt":"2021-02-11T21:54:38","slug":"about-me","status":"publish","type":"page","link":"https:\/\/silvinababich.com\/","title":{"rendered":"Acerca"},"content":{"rendered":"<p>[vc_row row_top_spacing=&#8221;1&#8243; row_bottom_spacing=&#8221;1&#8243;][vc_column][vc_empty_space][vc_single_image image=&#8221;709&#8243; img_size=&#8221;full&#8221; add_caption=&#8221;yes&#8221;][proton_page_heading]Silvina Babich (Argentina), artista y curadora focalizada en el desarrollo de pol\u00edticas aplicadas en la renovaci\u00f3n del v\u00ednculo cultura-naturaleza en \u00e1reas ribere\u00f1as a nivel mundial y, en particular, en la extensa cuenca del R\u00edo de La Plata. Sus obras se originan del trabajo de campo y la participaci\u00f3n ciudadana, contemplando aspectos socio-econ\u00f3micoambientales que se expresan mediante programas transdisciplinarios, pr\u00e1cticas perform\u00e1ticas, visuales y curatoriales. Instalaciones p\u00fablicas, tecnolog\u00edas artesanales, acciones paisaj\u00edsticas y publicaciones.[\/proton_page_heading][vc_empty_space][proton_button style=&#8221;2&#8243; shape=&#8221;2&#8243; link=&#8221;url:https%3A%2F%2Fsilvinababich.com%2F%3Fpage_id%3D40|title:Ver%20BIO%20completa%20%2B%20CV&#8221;][\/vc_column][\/vc_row][vc_column][\/vc_column]<\/p>\n","protected":false},"excerpt":{"rendered":"<p>[vc_row row_top_spacing=&#8221;1&#8243; row_bottom_spacing=&#8221;1&#8243;][vc_column][vc_empty_space][vc_single_image image=&#8221;709&#8243; img_size=&#8221;full&#8221; add_caption=&#8221;yes&#8221;][proton_page_heading]Silvina Babich (Argentina), artista y curadora focalizada en el desarrollo de pol\u00edticas aplicadas en la renovaci\u00f3n del v\u00ednculo cultura-naturaleza en \u00e1reas ribere\u00f1as a nivel mundial y, en particular, en la extensa cuenca del R\u00edo de La Plata. Sus obras se originan del trabajo de campo y la participaci\u00f3n ciudadana, contemplando [&hellip;]<\/p>\n","protected":false},"author":2,"featured_media":481,"parent":0,"menu_order":0,"comment_status":"closed","ping_status":"closed","template":"","meta":[],"acf":[],"_links":{"self":[{"href":"https:\/\/silvinababich.com\/index.php?rest_route=\/wp\/v2\/pages\/34"}],"collection":[{"href":"https:\/\/silvinababich.com\/index.php?rest_route=\/wp\/v2\/pages"}],"about":[{"href":"https:\/\/silvinababich.com\/index.php?rest_route=\/wp\/v2\/types\/page"}],"author":[{"embeddable":true,"href":"https:\/\/silvinababich.com\/index.php?rest_route=\/wp\/v2\/users\/2"}],"replies":[{"embeddable":true,"href":"https:\/\/silvinababich.com\/index.php?rest_route=%2Fwp%2Fv2%2Fcomments&post=34"}],"version-history":[{"count":31,"href":"https:\/\/silvinababich.com\/index.php?rest_route=\/wp\/v2\/pages\/34\/revisions"}],"predecessor-version":[{"id":742,"href":"https:\/\/silvinababich.com\/index.php?rest_route=\/wp\/v2\/pages\/34\/revisions\/742"}],"wp:featuredmedia":[{"embeddable":true,"href":"https:\/\/silvinababich.com\/index.php?rest_route=\/wp\/v2\/media\/481"}],"wp:attachment":[{"href":"https:\/\/silvinababich.com\/index.php?rest_route=%2Fwp%2Fv2%2Fmedia&parent=34"}],"curies":[{"name":"wp","href":"https:\/\/api.w.org\/{rel}","templated":true}]}}

<p>[vc_row row_top_spacing=&#8221;1&#8243; row_bottom_spacing=&#8221;1&#8243;][vc_column][vc_empty_space][vc_single_image image=&#8221;709&#8243; img_size=&#8221;full&#8221; add_caption=&#8221;yes&#8221;][proton_page_heading]Silvina Babich (Argentina), artista y curadora focalizada en el desarrollo de políticas aplicadas en la renovación del vínculo cultura-naturaleza en áreas ribereñas a nivel mundial y, en particular, en la extensa cuenca del Río de La Plata. Sus obras se originan del trabajo de campo y la participación ciudadana, contemplando aspectos socio-económicoambientales que se expresan mediante programas transdisciplinarios, prácticas performáticas, visuales y curatoriales. Instalaciones públicas, tecnologías artesanales, acciones paisajísticas y publicaciones.[/proton_page_heading][vc_empty_space][proton_button style=&#8221;2&#8243; shape=&#8221;2&#8243; link=&#8221;url:https%3A%2F%2Fsilvinababich.com%2F%3Fpage_id%3D40|title:Ver%20BIO%20completa%20%2B%20CV&#8221;][/vc_column][/vc_row][vc_column][/vc_column]</p>

<p>[vc_row row_top_spacing=&#8221;1&#8243; row_bottom_spacing=&#8221;1&#8243;][vc_column][vc_empty_space][vc_single_image image=&#8221;709&#8243; img_size=&#8221;full&#8221; add_caption=&#8221;yes&#8221;][proton_page_heading]Silvina Babich (Argentina), artista y curadora focalizada en el desarrollo de políticas aplicadas en la renovación del vínculo cultura-naturaleza en áreas ribereñas a nivel mundial y, en particular, en la extensa cuenca del Río de La Plata. Sus obras se originan del trabajo de campo y la participación ciudadana, contemplando [&hellip;]</p>
